 of 574?
7
What is the units digit of 2013?
3
What is the tens digit of 18696?
9
What is the units digit of 5365?
5
What is the hundreds digit of 413?
4
What is the tens digit of 18147?
4
What is the tens digit of 129206?
0
What is the hundreds digit of 3478?
4
What is the hundreds digit of 1847?
8
What is the hundreds digit of 701?
7
What is the tens digit of 15558?
5
What is the thousands digit of 29414?
9
What is the tens digit of 23581?
8
What is the hundreds digit of 2664?
6
What is the units digit of 8?
8
What is the thousands digit of 28822?
8
What is the tens digit of 26638?
3
What is the thousands digit of 2883?
2
What is the units digit of 1491?
1
What is the tens digit of 23442?
4
What is the hundreds digit of 26590?
5
What is the thousands digit of 2574?
2
What is the units digit of 24300?
0
What is the ten thousands digit of 95356?
9
What is the thousands digit of 4054?
4
What is the units digit of 96887?
7
What is the ten thousands digit of 45066?
4
What is the thousands digit of 1494?
1
What is the units digit of 593?
3
What is the ten thousands digit of 32282?
3
What is the tens digit of 21770?
7
What is the thousands digit of 1171?
1
What is the tens digit of 8654?
5
What is the units digit of 3374?
4
What is the hundreds digit of 2274?
2
What is the units digit of 2229?
9
What is the hundreds digit of 19700?
7
What is the thousands digit of 12330?
2
What is the ten thousands digit of 91685?
9
What is the thousands digit of 2385?
2
What is the ten thousands digit of 12714?
1
What is the thousands digit of 4455?
4
What is the tens digit of 413?
1
What is the thousands digit of 1189?
1
What is the units digit of 1895?
5
What is the tens digit of 1230?
3
What is the units digit of 1226?
6
What is the thousands digit of 10903?
0
What is the hundreds digit of 711?
7
What is the thousands digit of 4727?
4
What is the hundreds digit of 663?
6
What is the tens digit of 5548?
4
What is the tens digit of 3754?
5
What is the units digit of 40382?
2
What is the units digit of 4209?
9
What is the tens digit of 2458?
5
What is the hundreds digit of 4620?
6
What is the ten thousands digit of 75070?
7
What is the thousands digit of 1360?
1
What is the tens digit of 90877?
7
What is the tens digit of 330?
3
What is the thousands digit of 1072?
1
What is the units digit of 591?
1
What is the tens digit of 2952?
5
What is the ten thousands digit of 14759?
1
What is the ten thousands digit of 151535?
5
What is the units digit of 33552?
2
What is the hundreds digit of 14730?
7
What is the hundreds digit of 109619?
6
What is the units digit of 1062?
2
What is the tens digit of 15148?
4
What is the units digit of 25429?
9
What is the tens digit of 115?
1
What is the hundreds digit of 338?
3
What is the units digit of 5258?
8
What is the tens digit of 1068?
6
What is the thousands digit of 20332?
0
What is the units digit of 28482?
2
What is the tens digit of 637?
3
What is the tens digit of 64607?
0
What is the tens digit of 2731?
3
What is the thousands digit of 145625?
5
What is the units digit of 8576?
6
What is the hundreds digit of 13764?
7
What is the units digit of 1006?
6
What is the units digit of 73364?
4
What is the thousands digit of 64429?
4
What is the hundreds digit of 9747?
7
What is the tens digit of 1470?
7
What is the hundreds digit of 837?
8
What is the units digit of 2125?
5
What is the thousands digit of 7406?
7
What is the ten thousands digit of 67613?
6
What is the units digit of 3875?
5
What is the thousands digit of 1173?
1
What is the units digit of 60791?
1
What is the units digit of 4979?
9
What is the units digit of 73?
3
What is the thousands digit of 7396?
7
What is the tens digit of 18522?
2
What is the units digit of 9223?
3
What is the hundred thousands digit of 110843?
1
What is the units digit of 8344?
4
What is the tens digit of 38849?
4
What is the hundreds digit of 677?
6
What is the units digit of 61430?
0
What is the hundreds digit of 13474?
4
What is the thousands digit of 4239?
4
What is the tens digit of 12246?
4
What is the units digit of 27080?
0
What is the ten thousands digit of 72350?
7
What is the hundreds digit of 23213?
2
What is the hundreds digit of 1886?
8
What is the hundreds digit of 4499?
4
What is the tens digit of 863?
6
What is the hundreds digit of 3545?
5
What is the units digit of 87382?
2
What is the hundreds digit of 93695?
6
What is the ten thousands digit of 29049?
2
What is the ten thousands digit of 17013?
1
What is the units digit of 3528?
8
What is the hundreds digit of 801?
8
What is the hundreds digit of 11182?
1
What is the hundreds digit of 887?
8
What is the tens digit of 78910?
1
What is the tens digit of 8187?
8
What is the tens digit of 83754?
5
What is the thousands digit of 34653?
4
What is the units digit of 6382?
2
What is the hundreds digit of 43423?
4
What is the units digit of 161?
1
What is the hundreds digit of 147?
1
What is the hundreds digit of 61069?
0
What is the ten thousands digit of 23940?
2
What is the ten thousands digit of 37448?
3
What is the tens digit of 6738?
3
What is the hundreds digit of 16385?
3
What is the thousands digit of 21171?
1
What is the units digit of 7113?
3
What is the hundreds digit of 7942?
9
What is the tens digit of 378?
7
What is the units digit of 879?
9
What is the thousands digit of 12452?
2
What is the units digit of 6131?
1
What is the thousands digit of 8517?
8
What is the thousands digit of 3169?
3
What is the tens digit of 17370?
7
What is the units digit of 5891?
1
What is the ten thousands digit of 69696?
6
What is the thousands digit of 2739?
2
What is the thousands digit of 1182?
1
What is the units digit of 7262?
2
What is the tens digit of 2046?
4
What is the hundreds digit of 1750?
7
What is the units digit of 2483?
3
What is the thousands digit of 3175?
3
What is the tens digit of 2209?
0
What is the thousands digit of 93043?
3
What is the units digit of 9?
9
What is the thousands digit of 15792?
5
What is the tens digit of 2054?
5
What is the ten thousands digit of 32522?
3
What is the hundreds digit of 1918?
9
What is the units digit of 21342?
2
What is the units digit of 6040?
0
What is the thousands digit of 67222?
7
What is the units digit of 2319?
9
What is the tens digit of 6186?
8
What is the thousands digit of 1610?
1
What is the units digit of 1064?
4
What is the thousands digit of 3159?
3
What is the thousands digit of 19122?
9
What is the units digit of 10431?
1
What is the hundreds digit of 1023?
0
What is the ten thousands digit of 185099?
8
What is the units digit of 585?
5
What is the units digit of 1235?
5
What is the hundreds digit of 1272?
2
What is the tens digit of 3058?
5
What is the units digit of 3177?
7
What is the thousands digit of 1140?
1
What is the tens digit of 108206?
0
What is the units digit of 2549?
9
What is the thousands digit of 2044?
2
What is the thousands digit of 8398?
8
What is the tens digit of 335?
3
What is the units digit of 2637?
7
What is the hundreds digit of 11728?
7
What is the hundreds digit of 14302?
3
What is the units digit of 6729?
9
What is the units digit of 654?
4
What is the hundreds digit of 6867?
8
What is the thousands digit of 2148?
2
What is the units digit of 33719?
9
What is the thousands digit of 5418?
5
What is the units digit of 13?
3
What is the units digit of 208?
8
What is the units digit of 427?
7
What is the units digit of 538?
8
What is the thousands digit of 9617?
9
What is the units digit of 501?
1
What is the tens digit of 791?
9
What is the units digit of 4332?
2
What is the ten thousands digit of 12225?
1
What is the units digit of 714?
4
What is the tens digit of 147430?
3
What is the thousands digit of 1118?
1
What is the tens digit of 96697?
9
What is the tens digit of 78952?
5
What is the units digit of 30722?
2
What is the thousands digit of 2971?
2
What is the tens digit of 602?
0
What is the ten thousands digit of 11195?
1
What is the tens digit of 171?
7
What is the units digit of 24604?
4
What is the thousands digit of 7224?
7
What is the thousands digit of 4190?
4
What is the hundreds digit of 27031?
0
What is the hundreds digit of 458?
4
What is the units digit of 5744?
4
What is the tens digit of 1099?
9
What is 